e -s*c = -b + 10 - 19, -c + 7 = b. Let g(z) = -2*z + 3. Calculate g(b).
-3
Let h(v) = 89*v**2 - 28*v - 2. Let a(f) = -20*f**2 + 7*f. Let x(l) = -9*a(l) - 2*h(l). Determine x(5).
19
Let v(b) = -3*b**2 - 21*b + 5. Let f be (100/15)/(80/(-165) + 2/(-11)). What is v(f)?
-85
Suppose 3*u - 770 = -2*u. Suppose z + u = d, -d + 3*z + 148 = -8. Let s(j) = -1 - 152*j + d*j + 9. Determine s(-7).
1
Suppose -3*w + 16*h - 15*h = -90, -167 = -5*w - 4*h. Let s(j) = 0*j**2 - 4*j**2 - 14 - 3*j - 18 + j**3 + w. Determine s(5).
9
Let r(d) be the first derivative of -d**2/2 + 15*d + 2313. Calculate r(18).
-3
Let k(m) = 12*m - 9 - 3*m - 8*m. Suppose 17*d = w + 16*d + 5, -2*w - 6 = -4*d. Let a(c) = 5*c**2 + 35*c + 10. Let v be a(w). What is k(v)?
1
Suppose -x - 14 = 56. Let n = 75 + x. Let h(d) = -n - 12*d**2 - 104*d + 105*d - d**3 + 11*d**2. What is h(0)?
-5
Suppose 13 = 5*a + i, -3 = -60*a + 63*a - 3*i. Let s(b) = -3*b**2 + 5*b - 8. Give s(a).
-10
Let s be ((-24)/32)/(12/(-144)). Let y(n) = 2*n**2 - 16*n + 5. What is y(s)?
23
Let x(u) = 6*u - 30. Let k be x(6). Let a(h) = 9*h + 3. Let r be a(5). Let y be 31/k - 8/r. Let t(n) = -n + 6. Calculate t(y).
1
Let w(r) be the first derivative of 10 + 1/6*r**4 + 1/2*r**2 - 1/20*r**5 + 1/3*r**3 - 11*r. Let g(f) be the first derivative of w(f). Calculate g(-2).
13
Let g(r) = -5*r - 2. Let v(q) = -66*q - 24. Let w(l) = 15*g(l) - v(l). Calculate w(0).
-6
Let w(y) = y**2 - 6*y - 7. Let l(k) be the third derivative of k**5/60 - k**4/6 + k**3/3 - k**2 - k. Let h be l(-1). What is w(h)?
0
Let q(y) = -5*y**3 - y**2 - y - 38. Let a(n) = 7*n**3 + n**2 + 2*n + 53. Let c(x) = -8*a(x) - 11*q(x). Determine c(-3).
63
Let j = 7 + -5. Let n(i) = 4*i**2 - 16 - 5*i**j + 20 - 8*i. Let q = 2524 - 2533. Give n(q).
-5
Suppose 586 = d + 584. Let c(w) = -16*w**3 - 5*w**2 - 4*w - 3. Let o(n) = -7*n**3 - 2*n**2 - 2*n - 1. Let s(q) = d*c(q) - 5*o(q). Calculate s(1).
4
Let f(a) = a**3 + 5*a**2 - 4*a + 8. Let q = -22 - -16. Let x be f(q). Let i(p) = 5309 - 15976 + 3*p + 5339 + 5332. Calculate i(x).
-8
Let i be ((-188)/(-470))/(7/(-5))*-28. Let k(j) = -j**2 + 15*j - 15. Determine k(i).
41
Suppose -k = -5*r + 34, -2*k - 23 - 3 = -3*r. Let j(v) = -18*v + 35*v - r*v. Let m = 19 + -20. Calculate j(m).
-11
Let a(c) = -2*c**2 + 2 - 3 - c**2. Let i be (3/(-18))/(27/(-810)). Suppose 5*o + 11 = -3*u, i*o - 13 + 12 = 3*u. What is a(o)?
-4
Let o(t) = -49*t + 16*t + 11*t + 16*t - 13. Determine o(4).
-37
Let n(w) = w. Suppose -4*a = -2*k - 7*a + 31, 0 = -3*k - 3*a + 45. Suppose 2 = d + 3*h, 10 = -2*h + k. Give n(d).
-4
Let g(c) = -200*c**3 - 131*c**3 - 7*c**2 - 3*c + 330*c**3 + 7. Let n be (-2 - -1)/(2/(-24)). Suppose 0 = 3*q + n + 6. Give g(q).
-11
Let h(m) = 14562607*m + m**3 - 14562605*m + m**3 - 14 - 8*m**2. Give h(4).
-6
Let r(w) = -6*w + 11. Let t = -437 - -439. Determine r(t).
-1
Let g be -5 - 27/(-5) - 48/(-5). Suppose -5*s - 5*m = -35, -2*s + 29 - g = 3*m. Let z(y) = -4*y**2 + 3*y - 2. Calculate z(s).
-12
Let u(w) = w**3 + 5. Let v(i) = -i**3 - i**2 - i - 4. Let x(y) = -2*u(y) - 3*v(y). Suppose 3*c = -4*c - 21. Determine x(c).
-7
Let x(z) = 5*z - 4. Let t(l) = 16*l - 14. Let f(i) = -3*i**2 + 6*i + 10. Let y be f(-2). Let q(a) = y*x(a) + 4*t(a). Determine q(1).
-6
Suppose 0*f - 6 = -3*f. Suppose o = -4*a + 59, 0 = -4*a + 2*a - f*o + 22. Suppose w + 3*t = -11, -t + a = -5*t. Let d(x) = 3*x**3 + x. Give d(w).
4
Let z = -3256 - -3267. Let j(w) = 27*w - 294. Calculate j(z).
3
Suppose 14*t + 96 - 194 = 0. Let a(q) = 29 - 66 + 28 + q. Give a(t).
-2
Let k(n) = -n**3 - 15*n**2 + 216*n - 9. Let s be k(9). Let p(w) = -w**3 - 8*w**2 + 10*w + 1. Calculate p(s).
-8
Let n(l) = -l. Let v = 203 + -187. Let d be 175/(-70)*v/(-10). Give n(d).
-4
Let d(u) = u**3 + 4*u**2 + 3*u + 4. Let x be d(-3). Let r(v) = -v + 3*v**2 + 9 - x*v**2 - 16*v + 7*v. Calculate r(-11).
-2
Let t(z) be the first derivative of z**2 - 32*z - 6785. Calculate t(15).
-2
Let p(y) = -2*y + 2. Let w(x) = -68 + 24 - 5*x**2 + 22 + x**3 + 26*x + 17 + 20*x**2. Let a be w(-13). Calculate p(a).
12
Let m be (-9)/(-24)*(-4)/(-3)*6. Let o(p) = -p**3 + 4*p**2 - 9*p + 19. Give o(m).
1
Let g(h) be the second derivative of 7*h**3/2 - 104*h**2 + 99*h - 28. What is g(10)?
2
Let m(l) = -1264*l + 29*l**2 - 27*l**2 + 1246*l. Give m(6).
-36
Let f(c) be the second derivative of -c**5/20 + 11*c**4/12 + 2*c**3 - 29*c**2/2 + 145*c - 16. Calculate f(12).
-29
Let b(o) = 11*o**3 + o**2 - o + 8. Let t(x) = -30*x**3 - 3*x**2 + 3*x - 24. Let j(n) = 11*b(n) + 4*t(n). Calculate j(0).
-8
Let f(v) be the third derivative of 1/2*v**3 - 19*v + 1/60*v**5 + 3*v**2 + 0 - 7/24*v**4. Suppose 0 = 2*k + l - 10, 2*l + 11 = 3*k - 11. Give f(k).
-3
Let y be (95/57)/(0 + 10/12). Let b(h) = 0*h - 6*h**2 + 6*h**2 - h**3 - 2*h - 10 - 10*h**y. What is b(-10)?
10
Let k(q) = -5*q**3 - 7*q**2 - 7. Let p(a) = 6*a**3 + 11*a**2 - a + 10. Let b(o) = -4*k(o) - 3*p(o). Determine b(3).
16
Let z(v) = -v + 23. Let r(g) = -14*g - 430. Let j(l) = r(l) + 4*z(l). What is j(-19)?
4
Let o(h) = -95*h**2 + 5*h - 21. Let p(w) = -17*w**2 + w - 4. Let b(m) = -2*o(m) + 11*p(m). Suppose 5*t = 1 - 21. Calculate b(t).
42
Let p(o) = 7*o**2 + o + 1. Suppose -1 = 6*k - 7*k. Suppose 2*v + k - 9 = 0. Suppose -4*j = v*q - 0*q + 12, 0 = 5*j + 3*q + 11. Determine p(j).
7
Let v be (7/((-42)/(-18)))/3 - -23398. Let k(i) = 23405 - i - 2*i - i - v. Determine k(6).
-18
Let o(z) = z**2 + 37*z + 94. Let p be o(-35). Let l(v) = 16 + 3*v**2 - 12*v + 74*v - 25*v - 4*v**2 - p*v. Calculate l(13).
16
Let l(s) = -5*s - 11 + 14 + 2*s - s + 7. Determine l(5).
-10
Let j(a) = a**2 + 1. Let v(w) = -w**3 + 4*w**2 - 5*w - 2. Let p(l) = -2*j(l) - v(l). Let b = -1 + 24. Let h = 27 - b. What is p(h)?
-12
Let r(u) = u + 5. Let y be r(-3). Let j be (1 + 0)*(0/4 + 159). Let s(g) = 2 - 158*g + j*g - 2 - 11*g**y. Determine s(1).
-10
Let r(t) = -t + 3. Suppose 5*q = 11*q - 48. Suppose 3*c - 2*h + q = 5*c, -4*c = -4*h - 24. Suppose -c*p = -3 - 32. Give r(p).
-4
Let k(x) = -2*x**2 - 8*x + 22. Suppose -4*a - 16*a + 311 - 231 = 0. What is k(a)?
-42
Let z(w) = -w**2 - 108*w + 2701. Let g be z(21). Let y(v) = 13*v + 89. Determine y(g).
-15
Let c(k) = -k**3 + 9*k**2 + 8*k + 23. Suppose 30 = 2*d - 2*n, 247*n - 45 = -2*d + 252*n. Calculate c(d).
3
Let m(n) = -11*n - 52. Let l = -7178 + 7178. Determine m(l).
-52
Let s(b) be the third derivative of 3*b**4/8 - b**3/6 - 2*b**2. Let o(f) = -3*f**3 + f**2 - 224*f - 227. Let c be o(-1). Give s(c).
8
Let v(x) = x**3 + 22*x**2 + 107*x - 50. Let m be v(-14). Let s(l) = -l + 44. Calculate s(m).
24
Let i(q) = -33*q - 25 - 76 + 171. Give i(2).
4
Let c(d) = -d + 21. Let r(i) = 4. Let w(y) = 4*c(y) - 22*r(y). Let v(n) = -1. Let l be -36 + 30 + -4*1. Let b(h) = l*v(h) + 2*w(h). What is b(-2)?
18
Let q(o) = 5*o**2 + 2*o + 8. Let g(l) = 3*l**2 + 2*l + 7. Let f(m) = 3*g(m) - 2*q(m). Give f(0).
5
Let s(i) = -11*i + 2. Let o(v) = 190*v - 30. Let n(h) = 2*o(h) + 35*s(h). Give n(6).
-20
Let v(o) = -o**3 - 7*o**2 - 8*o + 5. Suppose 2*q + 3 = -s - 4, q = -3*s + 4. Give v(q).
-5
Let j = -152 + 65. Let y = j - -144. Suppose y*v - 59*v = 2. Let p(t) = -7*t - 1. Calculate p(v).
6
Suppose 2*j - 754 = -4*h, 4*h = -4*j + 3*j + 385. Let l = -364 + j. Let f(c) be the third derivative of -c**5/60 + 7*c**4/24 - c**3 - c**2. Determine f(l).
4
Let f(n) = 2*n**2 + 7*n + 3. Suppose 5*i + 5*p = -25, -8 = 3*i + p - 3. Give f(i).
3
Let p = 6806 + -6815. Let c(q) be the third derivative of -q**6/120 - q**5/6 - 11*q**4/24 - 11*q**3/6 + 7*q**2. Calculate c(p).
7
Let o be (-5 - (-7)/3)*(-6)/8. Let u(q) = -6*q**2 - 2*q + 14. Give u(o).
-14
Let p(x) = 5*x**3 - 6*x**2 + 24*x - 22. Let a(h) = -3*h**3 + 4*h**2 - 16*h + 14. Let n(b) = -8*a(b) - 5*p(b). Calculate n(3).
-23
Suppose 5 = 3*c - 1. Let n(w) be the second derivative of -3/2*w**2 - 1/6*w**4 + 1/2*w**3 - 1/20*w**5 + 0 - 133*w. What is n(c)?
-13
Let k(x) = -19*x - 169. Let z(o) = -9*o - 82. Let r(d) = 6*k(d) - 13*z(d). Determine r(-5).
37
Let u(h) be the second derivative of 79*h - 2*h**3 + 0 - h**2 + 1/12*h**4. What is u(11)?
-13
Let q(n) = -n - 46. Let m be q(-45). Let j(y) = -y**2 - 3*y - 4. Give j(m).
-2
Let r(h) be the first derivative of 2*h**3/3 - h**2/2 + 52*h + 849. What is r(0)?
52
Let y(h) = 40*h + 15 - 56 - 45*h + 26. Give y(-2).
-5
Let l(a) = 34*a - 55. Let j